 factor of 377?
False
Does 5 divide 2560?
True
Is 10 a factor of 1313?
False
Is 42 a factor of 25158?
True
Is 356 a factor of 126495?
False
Does 249 divide 45567?
True
Is 2856 a multiple of 42?
True
Is 129 a factor of 2451?
True
Is 6 a factor of 1476?
True
Does 65 divide 2405?
True
Is 4080 a multiple of 204?
True
Is 10 a factor of 4180?
True
Does 119 divide 11067?
True
Is 204 a multiple of 20?
False
Does 34 divide 782?
True
Is 1032 a multiple of 86?
True
Does 10 divide 200?
True
Is 438 a multiple of 50?
False
Is 45 a factor of 607?
False
Is 10992 a multiple of 16?
True
Is 44905 a multiple of 21?
False
Is 1260 a multiple of 21?
True
Does 73 divide 1168?
True
Is 5212 a multiple of 45?
False
Does 46 divide 1119?
False
Is 1638 a multiple of 78?
True
Is 53 a factor of 11872?
True
Is 25 a factor of 4085?
False
Is 76 a factor of 5092?
True
Is 1919 even?
False
Does 84 divide 22908?
False
Is 2 a factor of 209?
False
Is 1855 a multiple of 9?
False
Is 16 a factor of 192?
True
Does 30 divide 60?
True
Is 949 a multiple of 13?
True
Is 25439 a multiple of 9?
False
Is 33 a factor of 1617?
True
Is 1406 a multiple of 23?
False
Is 13607 a multiple of 9?
False
Does 187 divide 38292?
False
Is 7 a factor of 3613?
False
Is 371 a multiple of 7?
True
Does 16 divide 662?
False
Does 20 divide 277?
False
Does 7 divide 4436?
False
Is 6 a factor of 4930?
False
Is 27 a factor of 18252?
True
Is 5 a factor of 50?
True
Is 20 a factor of 8208?
False
Is 4154 a multiple of 26?
False
Is 6 a factor of 424?
False
Does 18 divide 4842?
True
Is 1287 a multiple of 9?
True
Does 25 divide 2458?
False
Does 35 divide 381?
False
Does 14 divide 4418?
False
Is 11 a factor of 25283?
False
Is 14 a factor of 140?
True
Does 13 divide 78?
True
Is 999 a multiple of 27?
True
Is 861 a multiple of 21?
True
Is 87 a factor of 23577?
True
Is 27 a factor of 20056?
False
Is 71 a factor of 2079?
False
Does 38 divide 3002?
True
Does 11 divide 8995?
False
Is 41040 a multiple of 16?
True
Is 331 a factor of 58587?
True
Does 41 divide 15180?
False
Does 10 divide 70?
True
Is 2755 a multiple of 29?
True
Is 1496 a multiple of 11?
True
Is 120 a multiple of 5?
True
Is 650 a multiple of 50?
True
Does 79 divide 31916?
True
Is 2766 a multiple of 2?
True
Is 8 a factor of 1136?
True
Is 4030 a multiple of 13?
True
Is 479 a multiple of 4?
False
Is 7 a factor of 47?
False
Is 25 a factor of 597?
False
Is 105 a factor of 3780?
True
Is 266 a multiple of 7?
True
Is 86 a factor of 602?
True
Is 12 a factor of 9000?
True
Does 13 divide 592?
False
Does 13 divide 1326?
True
Is 127 a factor of 14605?
True
Is 81 a factor of 11774?
False
Is 96698 a multiple of 94?
False
Does 2 divide 2773?
False
Is 105644 a multiple of 196?
True
Is 850 a multiple of 34?
True
Is 288 a multiple of 24?
True
Does 8 divide 508?
False
Is 2 a factor of 160?
True
Does 229 divide 54044?
True
Is 617 a multiple of 13?
False
Is 312 a multiple of 12?
True
Does 16 divide 168?
False
Is 4 a factor of 160?
True
Does 57 divide 1056?
False
Is 38610 a multiple of 33?
True
Is 4836 a multiple of 23?
False
Is 32036 even?
True
Does 45 divide 28260?
True
Is 29 a factor of 7797?
False
Does 20 divide 1320?
True
Does 2 divide 411?
False
Does 16 divide 2692?
False
Is 183 a multiple of 10?
False
Is 113 a factor of 148482?
True
Is 8270 a multiple of 10?
True
Is 17 a factor of 3289?
False
Is 8 a factor of 21?
False
Does 15 divide 1241?
False
Does 61 divide 8724?
False
Is 1064 a multiple of 14?
True
Does 81 divide 457?
False
Does 56 divide 35560?
True
Does 56 divide 448?
True
Is 22053 a multiple of 3?
True
Is 69880 a multiple of 16?
False
Does 36 divide 2114?
False
Is 3910 a multiple of 96?
False
Does 14 divide 14?
True
Is 5986 a multiple of 146?
True
Is 1751 a multiple of 6?
False
Does 53 divide 2491?
True
Is 33050 a multiple of 25?
True
Is 17 a factor of 13537?
False
Is 9093 a multiple of 7?
True
Does 20 divide 40840?
True
Is 1048 a multiple of 23?
False
Is 12 a factor of 384?
True
Does 12 divide 617?
False
Does 36 divide 39132?
True
Is 4648 a multiple of 56?
True
Is 6 a factor of 179?
False
Is 137 a factor of 15618?
True
Is 11881 a multiple of 12?
False
Does 39 divide 7584?
False
Is 22580 a multiple of 15?
False
Does 36 divide 1208?
False
Does 6 divide 1257?
False
Is 409 a multiple of 12?
False
Is 255 a factor of 31875?
True
Is 62 even?
True
Does 2 divide 3011?
False
Does 20 divide 27617?
False
Does 18 divide 1930?
False
Does 2 divide 63?
False
Does 25 divide 29248?
False
Does 10 divide 1310?
True
Does 36 divide 130068?
True
Does 11 divide 78222?
False
Is 6 a factor of 126?
True
Is 14 a factor of 6106?
False
Is 20 a factor of 2480?
True
Is 22 a factor of 2090?
True
Is 317 a multiple of 10?
False
Is 54360 a multiple of 90?
True
Is 16 a factor of 2768?
True
Is 39 a factor of 598?
False
Is 144 a factor of 60048?
True
Is 19 a factor of 125096?
True
Does 13 divide 10426?
True
Is 15 a factor of 3555?
True
Does 7 divide 1834?
True
Is 866 a multiple of 28?
False
Is 527 a multiple of 13?
False
Does 3 divide 171?
True
Is 6 a factor of 3442?
False
Does 23 divide 8717?
True
Is 230 a multiple of 10?
True
Is 21 a factor of 1722?
True
Does 22 divide 1430?
True
Is 23 a factor of 2921?
True
Is 128 even?
True
Does 6 divide 132?
True
Is 54 a factor of 4920?
False
Is 33 a factor of 1977?
False
Does 100 divide 8264?
False
Is 36 a multiple of 2?
True
Does 52 divide 2026?
False
Is 26 a factor of 667?
False
Is 592 a multiple of 3?
False
Does 2 divide 209?
False
Is 748 a multiple of 20?
False
Does 21 divide 469?
False
Is 1092 a multiple of 91?
True
Is 7 a factor of 1897?
True
Is 14317 a multiple of 15?
False
Is 2154 a multiple of 115?
False
Is 7 a factor of 2513?
True
Is 76 a factor of 546?
False
Is 2187 a multiple of 27?
True
Is 65 a factor of 3253?
False
Does 46 divide 3726?
True
Does 37 divide 1221?
True
Is 82 a multiple of 2?
True
Is 8 a factor of 57040?
True
Is 13 a factor of 29705?
True
Is 67158 a multiple of 41?
True
Is 67041 a multiple of 27?
True
Is 21 a factor of 614?
False
Does 15 divide 38371?
False
Is 137 a multiple of 22?
False
Is 10 a factor of 29500?
True
Is 15810 a multiple of 62?
True
Does 76 divide 6118?
False
Is 48 a factor of 561?
False
Does 63 divide 252?
True
Does 37 divide 1332?
True
Is 67 a factor of 938?
True
Is 4020 a multiple of 8?
False
Is 22 a factor of 461?
False
Is 60 a multiple of 10?
True
Is 3704 a multiple of 50?
False
Is 7 a factor of 224?
True
Does 16 divide 2352?
True
Is 14 a factor of 2660?
True
Does 31 divide 39?
False
Is 14 a factor of 593?
False
Is 29 a factor of 3893?
False
Is 42 a factor of 1185?
False
Is 11495 a multiple of 62?
False
Is 179 a factor of 67304?
True
Is 18090 a multiple of 270?
True
Is 2664 even?
True
Is 124 a factor of 1736?
True
Is 2057 a multiple of 11?
True
Is 3507 a multiple of 12?
False
Is 4356 a multiple of 66?
True
Does 40 divide 9657?
False
Is 17 a factor of 5321?
True
Does 9 divide 1134?
True
Is 30774 a multiple of 343?
False
Is 4 a factor of 175?
False
Is 7668 a multiple of 5?
False
Is 451 a multiple of 5?
False
Is 10 a factor of 15967?
False
Is 19 a factor of 165?
False
Is 156 a multiple of 2?
True
Is 2630 a multiple of 5?
True
Is 5 a factor of 345?
True
Is 13 a factor of 69009?
False
Is 31 a factor of 64?
False
Is 12795 a multiple of 12?
False
Is 1959 a multiple of 77?
False
Is 7306 a multiple of 13?
True
Does 19 divide 2402?
False
Does 5 divide 205?
True
Is 22439 a multiple of 229?
False
Is 1344 a multiple of 21?
True
Is 29 a factor of 1015?
True
Is 294 a multiple of 6?
True
Is 1786 a multiple of 6?
False
Is 33 a factor of 44455?
False
Is 560 a multiple of 20?
True
Does 99 divide 4653?
True
Does 8 divide 8358?
False
Does 59 divide 33219?
False
Is 20 a factor of 3117?
False
Is 12972 a multiple of 46?
True
Is 75 a factor of 4606?
False
Is 49 a factor of 1372?
True
Is 8097 a multiple of 122?
False
Does 5 divide 207?
False
Is 67 a factor of 5009?
False
Does 9 divide 3942?
True
Is 472 a multiple of 51?
False
Is 105 a factor of 420?
True
Is 238 a multiple of 17?
True
Does 13 divide 252?
False
Is 1180 a multiple of 102?
False
Is 10564 a multiple of 210?
False
Does 9 divide 13482?
True
Is 51 a factor of 204?
True
Does 11 divide 924?
True
Is 25 a factor of 24152?
False
Is 1023 a multiple of 11?
True
Is 64 a factor of 45046?
False
Is 16 a fa